(-8)/p)?
5
Let c = 4 - 0. Suppose 0*k - 75 = -3*r - k, -c*k + 132 = 5*r. What is the units digit of r?
4
What is the hundreds digit of (-66 - -64)/(1 + 374/(-370))?
1
Suppose -5*v + 20 = 2*f, 3*f = -2*v + 24 - 5. Suppose -4*k + 36 = -p, 5*k - k - 36 = -f*p. What is the units digit of k?
9
Let a be 1 + 363/((-1)/1). Let b = 508 + a. What is the hundreds digit of b?
1
Suppose -15*q = -25*q + 17730. What is the thousands digit of q?
1
Let o(c) = -c**3 - 6*c**2 + 7*c + 6. Let p be o(-7). Suppose -p*b + 62 = -94. Let k = 44 - b. What is the tens digit of k?
1
Let l(q) be the third derivative of q**5/10 - q**4/24 + 7*q**3/6 + 2*q**2. Let g = 166 - 163. What is the units digit of l(g)?
8
Let s be 1/3 - (-12)/(-36). Let o(n) = n**2 - 2*n + 4. Let v be o(0). Suppose s = -0*i - v*i + 16. What is the units digit of i?
4
Let h(p) = -p**3 + 8*p**2 - 11*p - 3. Let v be h(6). Suppose -y - 3*g + 158 = 0, -4*y - 4*g = -v*g - 610. What is the hundreds digit of y?
1
Let c = -30 - -24. What is the units digit of (-3)/c*2 - -52?
3
What is the units digit of (12 - 0)*(-10)/(240/(-18))?
9
Suppose -5 = -d - 3. Suppose d*n - 6*k - 30 = -2*k, -5*n + 30 = -k. Let u = n - -3. What is the units digit of u?
8
Let z be (20/1)/5 + -5. What is the units digit of z + (-147)/(-3) + -3?
5
Let k = 3430 - 381. What is the units digit of k?
9
Let b(v) = -20*v**3 - 2*v**2 + 3*v + 5. What is the units digit of b(-2)?
1
Let n(h) = -4*h + 3. Let l be n(-2). Let y = -11 + l. Suppose y = k + 2*k - 123. What is the units digit of k?
1
Suppose -3*n = -2*n - 2. Suppose 4 = k - v, 3*k - 2*k - n*v = 5. What is the units digit of (9/4)/(k/8)?
6
Let b(l) be the third derivative of -l**4/6 - 5*l**3/6 + 3*l**2. Suppose 0 = 7*o - 3*o - r + 31, -4*o - 4*r = 16. What is the units digit of b(o)?
3
Let r(h) be the second derivative of h**4/4 - 2*h**3/3 + 5*h**2/2 + 7*h. What is the units digit of r(4)?
7
Let m(c) = c**3 - 12*c**2 + 2. Suppose -5*v = -0*v - 60. Let i be m(v). Suppose -4*f = -0*l - 4*l - 128, 5*f - 195 = -i*l. What is the tens digit of f?
3
Let m be (-8)/2 - (-89 - 1). Suppose 3*o - 126 = -3*v, o - 3*v = 3*o - m. What is the units digit of o?
0
Suppose 0 = -17*n + 4*n + 12220. Suppose 5*h + 7*m - 6*m = n, 541 = 3*h - 4*m. What is the units digit of h?
7
Suppose 2*x = -l + 206, 206 + 103 = 3*x + 5*l. What is the units digit of x?
3
Let h be -7*6*(-3)/9. Let o = h - 11. Suppose 5 = 3*b - 5*w, -6 = -o*w + 9. What is the units digit of b?
0
Let s(t) = -4*t**2 - 13*t - 5. Let z(k) = 5*k**2 + 14*k + 4. Let v(x) = -6*s(x) - 5*z(x). Let n be v(9). Suppose 5*g + n - 41 = 0. What is the units digit of g?
8
Let u = 196 - -181. What is the units digit of u?
7
Let w be (5 + -3 + -2)*(2 - 1). Let f(x) = x. Let h be f(5). Suppose -h*b + w*b = -75. What is the tens digit of b?
1
What is the hundreds digit of ((-251)/(-3))/(26/12 + -2)?
5
Suppose -69*s + 66*s + 2946 = 0. What is the hundreds digit of s?
9
Suppose 12*l - 13*l + 654 = 2*j, 4 = -j. What is the tens digit of l?
6
Let j(m) be the third derivative of m**6/24 + m**5/30 - m**4/6 + m**3/2 - 14*m**2. What is the units digit of j(2)?
3
Suppose 68 = 4*s + 4*b, 3*b - 5*b - 8 = 0. Let q be 13/(-4 - (-87)/s). Suppose 5*t - 86 = 3*t + 4*m, 2*t - q = -m. What is the tens digit of t?
4
Let y(q) = 133*q**2 - 5*q - 5. What is the units digit of y(-1)?
3
Let j = 481 + 103. What is the hundreds digit of j?
5
Let l(i) = 10*i - 8. Suppose 0 = 8*v - 5*v - 15. Suppose 3*c - v*c + 10 = 0. What is the tens digit of l(c)?
4
Suppose -8*k - k - 504 = 0. Let v = -48 - k. What is the units digit of v?
8
What is the hundreds digit of 65*(9 + -5) + (-3)/(-1)?
2
Let f(c) = -c**2 + 3*c + 1. Let j(a) = -4*a**3 - 2*a**2 - 2*a - 1. Let p be j(-1). Let d be f(p). What is the tens digit of (22 + d - 0) + -2?
2
Let j be 345 - (1 - (-5 - -2)). Let b = -131 + j. What is the units digit of b?
0
Suppose -140 = -j - 4*j. Let u be 198/45*(j + 2). Suppose -5*l = l - u. What is the tens digit of l?
2
Let p(o) = o**2 - 26*o - 104. What is the units digit of p(30)?
6
What is the tens digit of (-3920)/(-10) + 0 + 0?
9
Suppose -z + 90 - 15 = 0. Let t = z - -12. What is the units digit of t?
7
Suppose 3*r - 13 = -73. Suppose 2*f + 262 - 70 = -4*j, -5*f - 10 = 0. Let u = r - j. What is the units digit of u?
7
Suppose 5*k + 164 - 4 = 0. Let i = 9 - k. What is the units digit of i?
1
Suppose -2*b = -3*g + 8, 3*b = -5*g + 6*g - 12. Suppose 3*f - 33 = 87. Suppose 8*i - 10*i + f = g. What is the tens digit of i?
2
Suppose h + 5*j - 24 = 0, 3*h + 23 = 2*j + 2*j. Let s be (h/(-3))/((-2)/(-18)). Suppose s*q + 244 = 5*g + 2*q, -3*g + 142 = -5*q. What is the tens digit of g?
4
Let t(b) = -b**2 - 6*b + 4. Let f be t(-5). Let r(o) = -2*o - f + 6*o - o. What is the units digit of r(6)?
9
Let o(z) = -17*z + 59. Let u(f) = 9*f - 30. Let r(l) = 6*o(l) + 11*u(l). What is the units digit of r(7)?
3
Let k = 2 + -3. Let d(x) = 2 - 15*x + 2 - 5 + 0. What is the tens digit of d(k)?
1
Suppose 5*m - r = 15, -3*m - 4*r = -5*r - 11. Suppose 105 = -m*x + 259. What is the units digit of x?
7
Let r(l) = 143*l + 95. What is the tens digit of r(8)?
3
Suppose -t = -t + 3*t. Suppose 2*r - 4*x + 55 - 323 = 0, 3*r - 2*x - 386 = t. What is the tens digit of r?
2
Let r be (-7)/((-3)/(1 - -2)). Let w = 2 + r. Suppose -w = -4*a + 203. What is the units digit of a?
3
Let v be (10/2 - -2) + 0. Suppose v*r = 4*r - 72. What is the tens digit of (-342)/r + 2/(-8)?
1
Suppose 0 = m + d - 15, 5*m - 2*d - 25 - 15 = 0. Let k(q) = q**3 - 10*q**2. Let r be k(m). What is the tens digit of 13 - (r + 8/(-4))?
1
Suppose 2*y - 2*g + 0 = -4, -5*y = -g + 14. What is the units digit of (8*y + 3)*-1?
1
Let o = 297 - 165. Let a = -45 + o. What is the tens digit of a?
8
Suppose 5*i + 2*b - b + 143 = 0, -5*i - 3*b - 149 = 0. What is the units digit of 0 - 7/(i/24)?
6
Let i(g) = g**3 + 12*g**2 + 11*g - 15. What is the units digit of i(-10)?
5
What is the tens digit of (-10 + (0 - -6))*-70?
8
Let f(b) = -b - 4. Suppose -3*u + u = 0. Let v be f(u). Let y = v - -21. What is the tens digit of y?
1
Suppose 0 = -3*y + 3*p + 4056, 3*y - 1585 = -p + 2479. What is the tens digit of y?
5
Let y(s) = -65*s**3 + s**2 - 10*s - 9. What is the thousands digit of y(-4)?
4
Let z(y) = 8*y + 11 + 6*y - 4 - y**2. Suppose 16*h = 12*h + 48. What is the tens digit of z(h)?
3
Let m(x) = -2*x + 3. Let n(d) = -20*d + 18. Let a(h) = 13*h - 12. Let c(s) = 8*a(s) + 5*n(s). Let r(p) = 3*c(p) + 7*m(p). What is the units digit of r(-3)?
9
Let z(j) = j**2 + j + 205. Let f be z(0). Suppose 158 = 34*x - 148. Suppose x*y - f = 4*y. What is the tens digit of y?
4
Let f be (-1)/4 + (-34)/(-8). Suppose -4*s + f = 76. Let j = s - -36. What is the units digit of j?
8
Suppose t = 2 - 5, r - 4*t = 17. Suppose a = -2*a + 15, -28 = -p - r*a. Suppose 5*q - p - 2 = 0. What is the units digit of q?
1
What is the units digit of (-283)/(-9 + (-187)/(-22))?
6
Let f(a) be the third derivative of a**5/60 + 3*a**4/8 + 13*a**3/6 + 8*a**2. What is the tens digit of f(-15)?
0
Suppose -5*r + 409 = 2*x, -4*x + 50*r + 804 = 46*r. What is the units digit of x?
2
Let q(y) = 12*y**3 + y**2 - 2*y + 1. Let w be q(1). Suppose 2*s - 48 = w. What is the tens digit of s?
3
Let l(k) = 4*k + 5. Let x be l(-5). Let g be (-2 - -1)*(x - -1). Suppose 3*u = -2*j + g, -u + j = -2 + 4. What is the units digit of u?
2
Suppose 2*x + 3694 = 3*o - 426, -3*x + 4110 = 3*o. What is the units digit of o?
2
Suppose -298 = -11*f + 648. What is the units digit of f?
6
Suppose -47*d + 45*d + 1542 = 0. What is the hundreds digit of d?
7
Let u = -156 + 230. Suppose 5*j + 4 = u. What is the units digit of (1 + j)*24/9?
0
Suppose 0*o + o = -24. Let z = o - -4. What is the units digit of 12/z + (-66)/(-10)?
6
Let v be (-4 - 3 - -2)*-1. Let j = v - 9. What is the units digit of 24 - (j + 1 - -6)?
1
Suppose -3*w + 16 = 4*v, -4*v + 2*w - 20 = -9*v. Let s = 2 - v. What is the units digit of -23*s*1/2?
3
What is the units digit of ((-2 - 5) + 0)/(8/(-184))?
1
Suppose 8 + 14 = r - 4*m, -3*m - 18 = -r. Suppose 2*g = -g + r. Suppose -180 = g*n - 7*n. What is the tens digit of n?
3
Let x(j) = 2*j**2 + j. Let a be x(1). Suppose -q = -a*y + 1, 3*q - 1 = 4*y + 1. Suppose -q*f + 0 = 8, 380 = 5*b - 5*f. What is the units digit of b?
2
Let z be 16/(-14)*(-42)